r of 1250 and 40.
10
Calculate the greatest common divisor of 216 and 5292.
108
What is the highest common factor of 45 and 468?
9
Calculate the highest common divisor of 4 and 652.
4
What is the greatest common divisor of 18542 and 146?
146
Calculate the greatest common divisor of 11 and 9.
1
Calculate the highest common divisor of 66 and 99.
33
What is the greatest common divisor of 1092 and 56?
28
Calculate the highest common factor of 8288 and 21.
7
Calculate the greatest common divisor of 1971 and 702.
27
Calculate the highest common divisor of 97 and 2231.
97
What is the greatest common divisor of 96 and 48?
48
Calculate the greatest common factor of 5445 and 90.
45
What is the greatest common factor of 155 and 62?
31
What is the greatest common factor of 364 and 56?
28
What is the greatest common divisor of 156 and 52?
52
Calculate the highest common divisor of 270 and 5832.
54
Calculate the highest common divisor of 12 and 6.
6
What is the greatest common divisor of 84 and 105?
21
What is the greatest common divisor of 11908 and 104?
52
Calculate the highest common factor of 1280 and 80.
80
Calculate the greatest common factor of 300 and 12.
12
Calculate the highest common divisor of 69 and 23.
23
Calculate the greatest common factor of 1 and 5166.
1
Calculate the highest common factor of 41 and 328.
41
What is the highest common factor of 1062 and 468?
18
What is the greatest common factor of 120 and 3468?
12
Calculate the greatest common divisor of 14 and 7.
7
What is the greatest common factor of 904 and 464?
8
Calculate the greatest common divisor of 104 and 3796.
52
Calculate the greatest common factor of 20 and 370.
10
Calculate the highest common divisor of 21 and 77.
7
What is the greatest common factor of 338 and 2?
2
Calculate the highest common divisor of 32 and 6752.
32
What is the greatest common factor of 1225 and 13720?
245
Calculate the highest common divisor of 6 and 114.
6
Calculate the greatest common factor of 801 and 27.
9
Calculate the greatest common factor of 44 and 7018.
22
Calculate the highest common factor of 7560 and 392.
56
What is the greatest common factor of 18 and 42?
6
Calculate the greatest common factor of 537 and 11098.
179
What is the highest common divisor of 2 and 4?
2
Calculate the greatest common divisor of 30464 and 238.
238
What is the greatest common factor of 7101 and 27?
27
Calculate the highest common factor of 78 and 33982.
26
What is the highest common divisor of 42 and 3444?
42
Calculate the greatest common divisor of 3 and 177.
3
What is the greatest common divisor of 2553 and 69?
69
Calculate the highest common divisor of 3990 and 294.
42
Calculate the greatest common factor of 56 and 2.
2
What is the greatest common factor of 20 and 2172?
4
Calculate the greatest common divisor of 4046 and 1904.
238
Calculate the highest common factor of 60 and 24.
12
Calculate the highest common factor of 231 and 132.
33
What is the highest common divisor of 128 and 16?
16
What is the highest common factor of 304 and 56?
8
Calculate the highest common factor of 190 and 35.
5
What is the greatest common factor of 39 and 26?
13
Calculate the greatest common divisor of 2046 and 99.
33
What is the greatest common factor of 26 and 117?
13
Calculate the greatest common factor of 324 and 276.
12
What is the greatest common factor of 375 and 12500?
125
What is the greatest common factor of 61 and 61?
61
Calculate the greatest common factor of 1147 and 74.
37
What is the highest common factor of 1935 and 360?
45
What is the greatest common factor of 936 and 7254?
234
Calculate the greatest common factor of 20 and 230.
10
What is the greatest common factor of 28 and 8764?
28
What is the highest common divisor of 24 and 30144?
24
Calculate the highest common factor of 10 and 6.
2
What is the greatest common factor of 29 and 1363?
29
Calculate the highest common divisor of 282 and 486.
6
Calculate the highest common divisor of 576 and 36.
36
What is the highest common divisor of 6214 and 717?
239
What is the highest common divisor of 896 and 1512?
56
What is the highest common divisor of 14 and 6391?
7
Calculate the highest common factor of 1968 and 451.
41
Calculate the greatest common factor of 16683 and 83.
83
Calculate the highest common factor of 16 and 404.
4
Calculate the highest common divisor of 3944 and 136.
136
Calculate the greatest common factor of 384 and 348.
12
What is the highest common divisor of 16 and 956?
4
Calculate the highest common factor of 150 and 2525.
25
Calculate the greatest common divisor of 1155 and 5313.
231
What is the highest common divisor of 48 and 1616?
16
Calculate the highest common factor of 405 and 180.
45
What is the greatest common factor of 72 and 4?
4
What is the highest common divisor of 546 and 12?
6
Calculate the greatest common divisor of 81 and 18873.
81
Calculate the highest common factor of 298 and 596.
298
What is the highest common divisor of 34 and 238?
34
Calculate the highest common divisor of 2666 and 344.
86
Calculate the highest common factor of 40 and 8440.
40
What is the highest common factor of 9120 and 30?
30
Calculate the highest common divisor of 3600 and 375.
75
What is the highest common divisor of 4 and 23?
1
What is the highest common factor of 1316 and 1175?
47
Calculate the highest common divisor of 670 and 2278.
134
Calculate the highest common divisor of 2831 and 76.
19
Calculate the highest common factor of 4717 and 178.
89
What is the highest common divisor of 32 and 752?
16
Calculate the greatest common divisor of 10 and 515.
5
What is the greatest common divisor of 16384 and 128?
128
What is the highest common factor of 24 and 876?
12
What is the greatest common divisor of 2331 and 222?
111
Calculate the greatest common divisor of 4 and 836.
4
Calculate the highest common divisor of 155 and 35.
5
Calculate the highest common divisor of 44 and 33.
11
Calculate the highest common factor of 165 and 66.
33
Calculate the greatest common factor of 112 and 48.
16
Calculate the greatest common factor of 54 and 1278.
18
Calculate the greatest common factor of 344 and 1118.
86
Calculate the greatest common divisor of 3210 and 120.
30
Calculate the greatest common divisor of 4 and 3548.
4
What is the greatest common divisor of 405 and 225?
45
Calculate the greatest common divisor of 240 and 192.
48
Calculate the greatest common divisor of 1 and 181.
1
What is the greatest common divisor of 28 and 67928?
28
What is the highest common factor of 78 and 10062?
78
What is the greatest common factor of 26631 and 198?
99
What is the highest common factor of 385 and 110?
55
What is the greatest common factor of 34 and 11968?
34
Calculate the greatest common divisor of 33225 and 225.
75
What is the greatest common divisor of 304 and 988?
76
What is the greatest common divisor of 34 and 54?
2
What is the greatest common factor of 1419 and 66?
33
Calculate the highest common factor of 287 and 943.
41
What is the greatest common factor of 54 and 16173?
27
Calculate the greatest common divisor of 9 and 79803.
9
What is the greatest common factor of 1881 and 114?
57
Calculate the greatest common factor of 981 and 9.
9
Calculate the highest common divisor of 72 and 104.
8
Calculate the highest common factor of 1781 and 65.
13
What is the greatest common divisor of 20 and 31480?
20
Calculate the greatest common divisor of 184 and 520.
8
Calculate the greatest common divisor of 3205 and 5.
5
Calculate the highest common divisor of 23392 and 272.
272
Calculate the greatest common divisor of 87 and 290.
29
Calculate the highest common divisor of 90 and 36.
18
Calculate the greatest common factor of 8816 and 380.
76
Calculate the greatest common factor of 26 and 91.
13
What is the greatest common divisor of 2059 and 116?
29
What is the highest common factor of 119 and 204?
17
Calculate the highest common factor of 336 and 8848.
112
Calculate the greatest common divisor of 64 and 8.
8
What is the greatest common divisor of 69 and 161?
23
Calculate the highest common factor of 37 and 13.
1
What is the highest common factor of 351 and 156?
39
What is the greatest common factor of 17253 and 27?
27
What is the greatest common factor of 1088 and 34?
34
What is t